
623
What is the remainder when 173987 is divided by 677?
675
What is the remainder when 192125 is divided by 100?
25
Calculate the remainder when 59869 is divided by 51.
46
Calculate the remainder when 65595 is divided by 7.
5
Calculate the remainder when 350620 is divided by 112.
60
Calculate the remainder when 15564 is divided by 338.
16
What is the remainder when 14047 is divided by 13770?
277
Calculate the remainder when 64454 is divided by 5371.
2
Calculate the remainder when 1252 is divided by 595.
62
Calculate the remainder when 247810 is divided by 28.
10
What is the remainder when 10368 is divided by 698?
596
Calculate the remainder when 17628 is divided by 8442.
744
Calculate the remainder when 13501 is divided by 2391.
1546
What is the remainder when 138269 is divided by 32?
29
What is the remainder when 19655 is divided by 4909?
19
What is the remainder when 46247 is divided by 4620?
47
What is the remainder when 76239 is divided by 20?
19
Calculate the remainder when 81838 is divided by 20456.
14
What is the remainder when 58048 is divided by 2072?
32
Calculate the remainder when 10590 is divided by 424.
414
What is the remainder when 427785 is divided by 26?
7
Calculate the remainder when 11182 is divided by 785.
192
What is the remainder when 195825 is divided by 946?
3
Calculate the remainder when 5586 is divided by 791.
49
Calculate the remainder when 44048 is divided by 35.
18
Calculate the remainder when 14933 is divided by 13.
9
Calculate the remainder when 12434 is divided by 6179.
76
Calculate the remainder when 777 is divided by 216.
129
What is the remainder when 5355 is divided by 2634?
87
Calculate the remainder when 6828 is divided by 2033.
729
Calculate the remainder when 3860 is divided by 93.
47
Calculate the remainder when 107254 is divided by 326.
0
What is the remainder when 1171 is divided by 299?
274
What is the remainder when 2588 is divided by 126?
68
Calculate the remainder when 13849 is divided by 81.
79
What is the remainder when 377455 is divided by 4?
3
Calculate the remainder when 30191 is divided by 463.
96
What is the remainder when 4863 is divided by 404?
15
Calculate the remainder when 652 is divided by 647.
5
What is the remainder when 1173 is divided by 254?
157
Calculate the remainder when 12722 is divided by 2.
0
What is the remainder when 15599 is divided by 1904?
367
Calculate the remainder when 4763328 is divided by 55.
53
What is the remainder when 103193 is divided by 126?
125
Calculate the remainder when 4139 is divided by 4.
3
What is the remainder when 7730 is divided by 1069?
247
What is the remainder when 1052 is divided by 62?
60
What is the remainder when 3630 is divided by 355?
80
What is the remainder when 1771 is divided by 32?
11
What is the remainder when 11681 is divided by 5825?
31
What is the remainder when 4334 is divided by 265?
94
Calculate the remainder when 12677 is divided by 1545.
317
What is the remainder when 41930 is divided by 241?
237
Calculate the remainder when 1059403 is divided by 90.
13
What is the remainder when 25515 is divided by 2829?
54
Calculate the remainder when 18725 is divided by 193.
4
Calculate the remainder when 117277 is divided by 169.
160
What is the remainder when 2002 is divided by 1697?
305
Calculate the remainder when 347100 is divided by 115698.
6
Calculate the remainder when 2668 is divided by 18.
4
Calculate the remainder when 27316 is divided by 10.
6
Calculate the remainder when 8632 is divided by 139.
14
What is the remainder when 1102376 is divided by 137796?
8
Calculate the remainder when 226527 is divided by 72.
15
Calculate the remainder when 53171 is divided by 8855.
41
Calculate the remainder when 14867 is divided by 190.
47
What is the remainder when 5343 is divided by 2628?
87
What is the remainder when 11892 is divided by 284?
248
What is the remainder when 3644 is divided by 1187?
83
Calculate the remainder when 139 is divided by 77.
62
What is the remainder when 9644 is divided by 414?
122
Calculate the remainder when 33544 is divided by 8367.
76
What is the remainder when 7380 is divided by 142?
138
Calculate the remainder when 468204 is divided by 156064.
12
What is the remainder when 197 is divided by 78?
41
Calculate the remainder when 128 is divided by 91.
37
What is the remainder when 237308 is divided by 64?
60
Calculate the remainder when 1130272 is divided by 81.
79
What is the remainder when 64507 is divided by 88?
3
What is the remainder when 1768 is divided by 64?
40
What is the remainder when 12991 is divided by 6481?
29
What is the remainder when 46144 is divided by 60?
4
What is the remainder when 26360 is divided by 676?
672
Calculate the remainder when 6435 is divided by 34.
9
What is the remainder when 225 is divided by 129?
96
Calculate the remainder when 11829 is divided by 425.
354
Calculate the remainder when 2530 is divided by 626.
26
What is the remainder when 8319414 is divided by 152?
150
Calculate the remainder when 292972 is divided by 5.
2
Calculate the remainder when 62674 is divided by 20881.
31
What is the remainder when 5415 is divided by 596?
51
Calculate the remainder when 628 is divided by 614.
14
What is the remainder when 194628 is divided by 499?
18
What is the remainder when 11987 is divided by 214?
3
What is the remainder when 17792 is divided by 159?
143
What is the remainder when 5248 is divided by 5097?
151
Calculate the remainder when 6825 is divided by 360.
345
What is the remainder when 12389 is divided by 694?
591
Calculate the remainder when 26069 is divided by 8685.
14
Calculate the remainder when 149697 is divided by 80.
17
What is the remainder when 6049 is divided by 164?
145
Calculate the remainder when 181789 is divided by 437.
434
Calculate the remainder when 16447 is divided by 2347.
18
Calculate the remainder when 4390 is divided by 636.
574
Calculate the remainder when 138496 is divided by 597.
589
Calculate the remainder when 7896 is divided by 70.
56
What is the remainder when 2134 is divided by 112?
6
What is the remainder when 1361514 is divided by 62?
56
Calculate the remainder when 51323 is divided by 7.
6
Calculate the remainder when 119564 is divided by 369.
8
Calculate the remainder when 1859 is divided by 845.
169
Calculate the remainder when 448952 is divided by 305.
297
Calculate the remainder when 841734 is divided by 34.
30
What is the remainder when 1606 is divided by 115?
111
What is the remainder when 10918 is divided by 104?
102
What is the remainder when 43598 is divided by 51?
44
Calculate the remainder when 4599 is divided by 313.
217
Calculate the remainder when 81925 is divided by 266.
263
What is the remainder when 3884514 is divided by 279?
276
What is the remainder when 85716 is divided by 942?
936
What is the remainder when 4225 is divided by 1089?
958
Calculate the remainder when 778 is divided by 47.
26
What is the remainder when 813079 is divided by 103?
100
What is the remainder when 55320 is divided by 329?
48
What is the remainder when 43704 is divided by 1093?
1077
Calculate the remainder when 30397 is divided by 91.
3
Calculate the remainder when 1988 is divided by 535.
383
Calculate the remainder when 405 is divided by 400.
5
Calculate the remainder when 8639 is divided by 1060.
159
Calculate the remainder when 14619 is divided by 325.
319
Calculate the remainder when 11002 is divided by 28.
26
Calculate the remainder when 360980 is divided by 33.
26
What is the remainder when 2111 is divided by 663?
122
Calculate the remainder when 17280 is divided by 57.
9
Calculate the remainder when 102099 is divided by 1547.
1544
Calculate the remainder when 160 is divided by 13.
4
Calculate the remainder when 3322 is divided by 805.
102
Calculate the remainder when 4540 is divided by 1294.
658
What is the remainder when 25862 is divided by 2586?
2
What is the remainder when 45 is divided by 34?
11
What is the remainder when 1576 is divided by 36?
28
Calculate the remainder when 10009 is divided by 132.
109
Calculate the remainder when 266 is divided by 208.
58
Calculate the remainder when 1854 is divided by 71.
8
Calculate the remainder when 18207 is divided by 606.
27
What is the remainder when 14098 is divided by 182?
84
Calculate